what is 212121 - 2121?
210000
In base 4, what is -11 + 2202210030?
2202210013
In base 15, what is 633 + -11?
622
In base 15, what is -5 - -8799?
8794
In base 16, what is -cf11 + -7?
-cf18
In base 2, what is 1011001011101001 + -10?
1011001011100111
In base 2, what is -110110100001101010000 - 101?
-110110100001101010101
In base 11, what is -301a - -60?
-2a6a
In base 15, what is 999 - -38?
9d2
In base 11, what is 6638 + -73?
6575
In base 2, what is -100 - 10000011111001010?
-10000011111001110
In base 15, what is -4e + -1e3c?
-1e8b
In base 14, what is 63b - c7?
554
In base 7, what is 122121 - -2?
122123
In base 8, what is 0 - 27005?
-27005
In base 16, what is -166654 - -2?
-166652
In base 11, what is -422 - -a?
-413
In base 2, what is 101 - -1110010110010101?
1110010110011010
In base 6, what is 110503 + 3213?
114120
In base 16, what is -2 - 35d?
-35f
In base 9, what is 1875 - -38?
2024
In base 10, what is 29404 + 3?
29407
In base 2, what is -100010001 - -100111?
-11101010
In base 4, what is 0 - 23?
-23
In base 11, what is 3a6 + -750?
-355
In base 3, what is -2122000 - 210122?
-10102122
In base 10, what is 83 - -28512?
28595
In base 14, what is 5 - 7ba?
-7b5
In base 10, what is -953 - -2?
-951
In base 13, what is 223 + -93?
160
In base 16, what is 6d42 + 5?
6d47
In base 8, what is -3125 - 20?
-3145
In base 14, what is ad39 - 5?
ad34
In base 14, what is 5 + -6a57?
-6a52
In base 4, what is -10 - -10300032?
10300022
In base 3, what is -2221221220200 - 11?
-2221221220211
In base 11, what is -797 - -10a?
-688
In base 16, what is 3a148 + 0?
3a148
In base 8, what is 1 - 615612?
-615611
In base 7, what is 161153 + 2?
161155
In base 12, what is 3 + b824?
b827
In base 6, what is 21 - 20253?
-20232
In base 6, what is -14 - 22533?
-22551
In base 11, what is 5 + 341000?
341005
In base 4, what is 20030022 - -11?
20030033
In base 3, what is 1121110100 - -12?
1121110112
In base 16, what is 29b06 - -5?
29b0b
In base 9, what is -6 - 22814?
-22821
In base 8, what is 2 + -246035?
-246033
In base 12, what is -20350 - 3?
-20353
In base 8, what is -4 + -45321?
-45325
In base 15, what is -14 - -14173?
1415e
In base 11, what is -3 - 10071?
-10074
In base 6, what is -101511 - 32?
-101543
In base 14, what is 1cda3 - 0?
1cda3
In base 2, what is -1001001101 - -1100111?
-111100110
In base 13, what is -44952 + 5?
-4494a
In base 10, what is 9061 + -15?
9046
In base 8, what is 603 - 735?
-132
In base 16, what is 9 - -cbdc?
cbe5
In base 14, what is -5 - -984?
97d
In base 8, what is 56 - -12350?
12426
In base 2, what is -111101100101001 - -10000?
-111101100011001
In base 2, what is -101 - 110010111001101001?
-110010111001101110
In base 9, what is -20610 + -62?
-20672
In base 7, what is -406564 + -5?
-406602
In base 6, what is -1 + 2051421?
2051420
In base 15, what is 30 - -1339?
1369
In base 15, what is -2d7 - -9ce?
6e7
In base 13, what is -9bab + 45?
-9b66
In base 13, what is 24 + 9a?
c1
In base 9, what is 11324 - 1?
11323
In base 7, what is 545 + -66?
446
In base 8, what is 0 - 240114?
-240114
In base 3, what is -12 - -12221222012?
12221222000
In base 9, what is -25 - -6750?
6724
In base 2, what is 10100110111 - 10000?
10100100111
In base 16, what is 3 + d5ab?
d5ae
In base 5, what is 40442 + -4?
40433
In base 13, what is -5 + 646a2?
6469a
In base 5, what is 20 - 1132410?
-1132340
In base 13, what is 294b7 + 5?
294bc
In base 11, what is 27180 - 1?
2717a
In base 11, what is -5 + 4301?
42a7
In base 14, what is -1cac5 - 2?
-1cac7
In base 10, what is -2 - 138481?
-138483
In base 8, what is -43150 + 70?
-43060
In base 12, what is 218 + 33?
24b
In base 2, what is 1110001 + -10101100001?
-10011110000
In base 4, what is -1111110 + -12002?
-1123112
In base 6, what is -35 - -12340?
12301
In base 11, what is -9 + 7095?
7087
In base 15, what is -a46 + -62?
-aa8
In base 6, what is 51 - 534404?
-534313
In base 5, what is 3 + 22232113?
22232121
In base 13, what is -42 + 41c4?
4182
In base 7, what is 11 + -1111?
-1100
In base 16, what is -5f5 - -11?
-5e4
In base 16, what is 1276a + 0?
1276a
In base 5, what is 11 - 4133?
-4122
In base 11, what is -5 - -229224?
22921a
In base 7, what is 2 - -30325?
30330
In base 12, what is -327b - 23?
-32a2
In base 10, what is 73 - -342?
415
In base 15, what is -20e04 - -2?
-20e02
In base 5, what is -1314 + -301?
-2120
In base 5, what is -22 + -13311233?
-13311310
In base 9, what is -18225 + -1?
-18226
In base 3, what is 11220 - -1122210?
1211200
In base 4, what is -12233 - -1002132?
323233
In base 9, what is 824 + 702?
1626
In base 7, what is -1023642 + -6?
-1023651
In base 16, what is -44fc - 0?
-44fc
In base 15, what is 4 + -2802?
-27ed
In base 11, what is 5 - 1a35?
-1a30
In base 7, what is -63035 - -4?
-63031
In base 15, what is 479d - 3?
479a
In base 11, what is 3 - -2a6734?
2a6737
In base 14, what is 2 + -cb42?
-cb40
In base 5, what is 42131 + 10312?
102443
In base 8, what is 26 - 1146?
-1120
In base 9, what is 87 - -102?
200
In base 14, what is d08 + 3?
d0b
In base 8, what is -7664 + 1?
-7663
In base 9, what is -26765 - 3?
-26768
In base 9, what is 113467 + -3?
113464
In base 10, what is -3 - 231827?
-231830
In base 2, what is 100010 - 10110101010?
-10110001000
In base 2, what is -1000 - -11000001011011001?
11000001011010001
In base 7, what is 1145323 + 13?
1145336
In base 10, what is -19229 - 18?
-19247
In base 3, what is 11011 - 12102011?
-12021000
In base 11, what is 13484 - -14?
13498
In base 6, what is -35424135 + -5?
-35424144
In base 6, what is 4121 - 314?
3403
In base 16, what is 2 + 7108?
710a
In base 15, what is 4d5 - 1ac?
328
In base 11, what is 63272 - 5?
63268
In base 7, what is -1505 + 106?
-1366
In base 8, what is -3736 - 224?
-4162
In base 8, what is 17656 + 167?
20045
In base 8, what is -10 + -21254?
-21264
In base 8, what is 0 - 55332?
-55332
In base 7, what is 16 + -24633?
-24614
In base 11, what is -43a80 - -52?
-43a29
In base 10, what is -9306 - -18?
-9288
In base 3, what is -20120100 + 20202?
-20022121
In base 13, what is -9829 - -1?
-9828
In base 15, what is 5ebaa + -1?
5eba9
In base 4, what is -10323 + -103103?
-120032
In base 6, what is 334243 - 20?
334223
In base 3, what is 111011 + -122102221?
-121221210
In base 10, what is -2919 + 104?
-2815
In base 2, what is 1000 + 1000100111111?
1000101000111
In base 8, what is -23 + -7575?
-7620
In base 3, what is 101102022 - 2?
101102020
In base 5, what is 42 + -333440?
-333343
In base 13, what is -6 + 22c3a?
22c34
In base 5, what is -1444202 + -231?
-1444433
In base 13, what is -37c - -1276?
bc7
In base 6, what is -32144 - 231?
-32415
In base 3, what is -10202202 - 10?
-10202212
In base 16, what is -3f + 8f4c?
8f0d
In base 4, what is 12301012 + 1?
12301013
In base 11, what is -15578 + -211?
-15789
In base 14, what is 9a + -318?
-25c
In base 11, what is 1466 + 10?
1476
In base 14, what is -32b - -16?
-315
In base 4, what is -30 - -10100323?
10100233
In base 2, what is -1 + 1001011011000?
1001011010111
In base 6, what is -4 - 1512255?
-1512303
In base 5, what is 220413 - 4?
220404
In base 2, what is -1000010110101001 + 1000010?
-1000010101100111
In base 7, what is -3134 + 412?
-2422
In base 15, what is 0 + -549b7?
-549b7
In base 13, what is -16083 - -3?
-16080
In base 13, what is -1238 + 7?
-1231
In base 8, what is -33222 + 3?
-33217
In base 9, what is -2 + -54631?
-54633
In base 9, what is 12 - 51501?
-51478
In base 9, what is -258 - -3636?
3367
In base 11, what is -1900 - 121?
-1a21
In base 10, what is -2 - -304009?
304007
In base 7, what is -22 + 14341?
14316
In base 16, what is 1fb - 13b?
c0
In base 11, what is -3376 + a6?
-3280
In base 7, what is 1045 - 266?
446
In base 8, what is 707210 - -2?
707212
In base 2, what is 111010001111000 - 1011?
111010001101101
In base 5, what is 3101420 + -4?
3101411
In base 4, what is -20301220 + -2?
-20301222
In base 16, what is -f069b + -5?
-f06a0
In base 15, what is 6 + 18517?
1851d
In base 6, what is -12 - 4202?
-4214
In base 6, what is 2305501 - -3?
2305504
In base 4, what is -21 - -322302?
322221
In base 10, what is 5 - -20416?
20421
In base 3, what is 10220201 + 11?
10220212
In base 9, what is 136064 + 5?
136070
In base 12, what is -b9a + 13?
-b87
In base 10, what is -4 - 1334463?
-1334467
In base 16, what is 489a + -1e?
487c
In base 5, what is